he remainder when 1062656 is divided by 840.
56
What is the remainder when 4215298 is divided by 1388?
1330
What is the remainder when 6595237 is divided by 132?
121
What is the remainder when 12593153 is divided by 7?
6
What is the remainder when 61615670 is divided by 190?
0
What is the remainder when 581745 is divided by 7459?
7402
Calculate the remainder when 11675884 is divided by 555994.
10
Calculate the remainder when 635653 is divided by 13.
5
What is the remainder when 148926 is divided by 1619?
1597
Calculate the remainder when 4504045 is divided by 1298.
1283
What is the remainder when 1230274 is divided by 3505?
19
What is the remainder when 9399183 is divided by 1758?
915
Calculate the remainder when 8565917 is divided by 32.
29
What is the remainder when 51985470 is divided by 69?
42
What is the remainder when 339663626 is divided by 9?
8
Calculate the remainder when 44104098 is divided by 51.
12
What is the remainder when 93225 is divided by 53?
51
What is the remainder when 5290393 is divided by 41?
40
What is the remainder when 3779681 is divided by 26?
9
Calculate the remainder when 566674 is divided by 1515.
64
Calculate the remainder when 72516689 is divided by 174739.
4
What is the remainder when 3494 is divided by 1124?
122
Calculate the remainder when 60180482 is divided by 364.
362
Calculate the remainder when 7039245 is divided by 16.
13
What is the remainder when 65024 is divided by 16186?
280
Calculate the remainder when 678058 is divided by 1029.
976
Calculate the remainder when 38997875 is divided by 6.
5
What is the remainder when 262484 is divided by 998?
10
What is the remainder when 149244 is divided by 10655?
74
Calculate the remainder when 294984606 is divided by 5967.
5961
Calculate the remainder when 859751 is divided by 2452.
1551
What is the remainder when 164945 is divided by 82457?
31
Calculate the remainder when 19402897 is divided by 3100.
3097
What is the remainder when 332087 is divided by 17477?
24
What is the remainder when 35794851 is divided by 54?
33
Calculate the remainder when 35448 is divided by 125.
73
What is the remainder when 8220045 is divided by 632311?
2
What is the remainder when 1314247 is divided by 254?
51
Calculate the remainder when 53557216 is divided by 39.
37
What is the remainder when 237271095 is divided by 672?
663
What is the remainder when 8235472 is divided by 367?
359
Calculate the remainder when 31979187 is divided by 43.
1
Calculate the remainder when 982833 is divided by 163751.
327
Calculate the remainder when 96262 is divided by 204.
178
Calculate the remainder when 11956091 is divided by 1992664.
107
What is the remainder when 890686 is divided by 472?
22
Calculate the remainder when 66994 is divided by 2810.
2364
Calculate the remainder when 1849040 is divided by 616311.
107
What is the remainder when 3608180 is divided by 1202686?
122
What is the remainder when 6095765 is divided by 1241?
1214
What is the remainder when 51963 is divided by 51887?
76
Calculate the remainder when 418812 is divided by 980.
352
What is the remainder when 63633 is divided by 75?
33
Calculate the remainder when 1783137 is divided by 16973.
972
What is the remainder when 1612086 is divided by 39?
21
Calculate the remainder when 613075 is divided by 46.
33
Calculate the remainder when 252241 is divided by 154.
143
Calculate the remainder when 3550843 is divided by 170.
53
What is the remainder when 242792 is divided by 23812?
4672
Calculate the remainder when 110052 is divided by 143.
85
Calculate the remainder when 12484049 is divided by 2158.
19
Calculate the remainder when 5297714 is divided by 296.
202
What is the remainder when 93945 is divided by 18604?
925
Calculate the remainder when 9393153 is divided by 5283.
5262
Calculate the remainder when 118825076 is divided by 19804179.
2
What is the remainder when 317397 is divided by 158659?
79
What is the remainder when 260415 is divided by 5661?
9
What is the remainder when 26598537 is divided by 71?
20
Calculate the remainder when 770800 is divided by 652.
136
What is the remainder when 1420654 is divided by 2189?
2182
Calculate the remainder when 472638 is divided by 279.
12
Calculate the remainder when 1364697 is divided by 341128.
185
What is the remainder when 745815 is divided by 67779?
246
What is the remainder when 14905720 is divided by 7841?
7820
What is the remainder when 11486347 is divided by 2483?
2472
What is the remainder when 191907955 is divided by 1706?
15
Calculate the remainder when 16367 is divided by 250.
117
Calculate the remainder when 2031531 is divided by 677136.
123
What is the remainder when 4036265 is divided by 1098?
17
Calculate the remainder when 9557318 is divided by 129152.
70
What is the remainder when 132831 is divided by 33203?
19
What is the remainder when 7630222 is divided by 586940?
2
What is the remainder when 192438 is divided by 32041?
192
What is the remainder when 44157 is divided by 1008?
813
Calculate the remainder when 18053311 is divided by 16119.
31
What is the remainder when 400638 is divided by 19?
4
What is the remainder when 3241349 is divided by 24?
5
Calculate the remainder when 14010892 is divided by 17.
2
Calculate the remainder when 62766699 is divided by 15691674.
3
What is the remainder when 5052 is divided by 17?
3
Calculate the remainder when 10700 is divided by 5304.
92
What is the remainder when 4615231 is divided by 1359?
67
Calculate the remainder when 197012 is divided by 1078.
816
Calculate the remainder when 233453 is divided by 233006.
447
Calculate the remainder when 11190307 is divided by 2238059.
12
What is the remainder when 2145404 is divided by 715101?
101
Calculate the remainder when 2850421 is divided by 156.
145
Calculate the remainder when 2548537 is divided by 57918.
145
What is the remainder when 2082275 is divided by 54?
35
What is the remainder when 81751515 is divided by 20437869?
39
What is the remainder when 2403277 is divided by 5791?
12
Calculate the remainder when 1198043 is divided by 399261.
260
Calculate the remainder when 45194 is divided by 1710.
734
What is the remainder when 21095341 is divided by 140?
1
What is the remainder when 1486884 is divided by 386?
12
What is the remainder when 114111700 is divided by 509?
8
What is the remainder when 32032671 is divided by 49?
48
What is the remainder when 169573 is divided by 168801?
772
What is the remainder when 114943750 is divided by 72?
70
Calculate the remainder when 1430161 is divided by 1430152.
9
What is the remainder when 20151646 is divided by 73?
69
Calculate the remainder when 1530241 is divided by 19126.
161
Calculate the remainder when 32400 is divided by 1455.
390
What is the remainder when 3623526 is divided by 1811617?
292
What is the remainder when 4486355 is divided by 2811?
2810
Calculate the remainder when 11969295 is divided by 18.
15
Calculate the remainder when 517823 is divided by 284.
91
What is the remainder when 22564 is divided by 1721?
191
What is the remainder when 31177464 is divided by 61?
59
What is the remainder when 4183852 is divided by 298834?
176
What is the remainder when 862603 is divided by 2552?
27
What is the remainder when 28909334 is divided by 712?
710
What is the remainder when 112623383 is divided by 3745?
3743
What is the remainder when 115289027 is divided by 17151?
5
Calculate the remainder when 2240363 is divided by 201.
17
Calculate the remainder when 414707 is divided by 199.
190
Calculate the remainder when 1506516 is divided by 8.
4
Calculate the remainder when 101148 is divided by 9473.
6418
What is the remainder when 63297 is divided by 20620?
1437
Calculate the remainder when 28502388 is divided by 29.
28
What is the remainder when 380059 is divided by 2197?
2175
Calculate the remainder when 331038 is divided by 4498.
2684
Calculate the remainder when 3735466 is divided by 53363.
56
What is the remainder when 160201 is divided by 417?
73
What is the remainder when 13071819 is divided by 6535905?
9
What is the remainder when 248048359 is divided by 82682782?
13
Calculate the remainder when 3865453 is divided by 2392.
2373
Calculate the remainder when 6601949 is divided by 10.
9
Calculate the remainder when 59315 is divided by 